 of v?
19, 487
Suppose -25*b + 4596 = -1554. Let s = b + -122. What are the prime factors of s?
2, 31
What are the prime factors of 8/2 + -14 + 8 - -11243?
3, 1249
Let m = 5442 - 2521. What are the prime factors of m?
23, 127
Suppose 0 = 3*r - 4*y - 5782, -3*y + 1141 - 4994 = -2*r. List the prime factors of r.
2, 967
Let i(c) = -115*c**3 - 8*c**2 - 14*c - 4. What are the prime factors of i(-2)?
2, 3, 19
Let k = 294 + -294. Let p(z) = -4*z + 456. List the prime factors of p(k).
2, 3, 19
Suppose v + 45*t = 43*t + 2290, 3*t - 4577 = -2*v. What are the prime factors of v?
2, 571
Suppose 4*h - 12 = -2*z, -3*h - 2*z - z + 6 = 0. Suppose 383 = n - a, 3*a - h = -10. What are the prime factors of n?
3, 127
Let u be 2*(-4 + (-729)/(-6)). Suppose -h = -u - 121. List the prime factors of h.
2, 89
Let t(p) = -5*p - 2. Let q be t(-1). Suppose -q*d + 69 = 5*v + 12, -3 = 3*d. Suppose 212 = v*i - 8*i. What are the prime factors of i?
53
Suppose -15*h - 2*x = -10*h - 16616, -10 = 5*x. List the prime factors of h.
2, 3, 277
Let k(t) be the second derivative of 5/3*t**3 + 0 - 35/2*t**2 + 22*t. List the prime factors of k(6).
5
Let s(h) = 4*h - 30. Let q be s(10). List the prime factors of q/(-3)*(-6912)/40.
2, 3
Suppose 8 = -5*d + 4*h, 0 = 4*h - 5 - 3. What are the prime factors of 6/(d - -6)*427?
7, 61
Suppose -30*p + 402192 = 12*p. What are the prime factors of p?
2, 3, 7, 19
Let h be 4*2/4*(-374)/22. Let i = -29 - h. Suppose i*k = -3*g + 332, 3*g - g - 220 = -3*k. List the prime factors of g.
2, 13
List the prime factors of (7649 + -129)*(58/8 + 1).
2, 3, 5, 11, 47
Let i(c) = 11*c + 3239. List the prime factors of i(-81).
2, 587
Let s(q) = 25*q**3 + 2*q**2 + 19*q + 23. List the prime factors of s(7).
3, 109
Suppose -7*m - 110 - 2 = 0. List the prime factors of (-9)/(-72) - 28638/m.
2, 5, 179
Suppose -31*h + 33*h = 0, 5*h - 13946 = -2*b. What are the prime factors of b?
19, 367
Suppose 3*b + 4*z = -13, b + 8 = -5*z - 0. Let q be (-1)/(b/(-93))*-1. Suppose -q - 224 = -5*k. What are the prime factors of k?
3, 17
Suppose 5*f = 7*f - 3*a - 13482, 5*a + 13482 = 2*f. Suppose 10*z = 3*z + f. What are the prime factors of z?
3, 107
Suppose -4*l + 5*l - z - 30 = 0, -2*l = 2*z - 40. Suppose -606 = -l*r + 32544. List the prime factors of r.
2, 3, 13, 17
Suppose 5*d - 63 = 37. Let r(a) = a**2 - 20*a + 1. Let z be r(d). List the prime factors of (z/(-2))/(5/(-730)).
73
Suppose 2*h - 4*s - 1254 = 0, -2*h = -h - 3*s - 628. List the prime factors of h.
5
Suppose 3321*h = 3566*h - 13289045. What are the prime factors of h?
11, 4931
Let r = -10 - -28. Let i be 1372/r - (-22)/(-99). Suppose -i = -u + 26. What are the prime factors of u?
2, 3, 17
Let a be (-2982)/(5/(-20)*-6). Let h = 1118 + a. What are the prime factors of ((-8)/(-20))/((-2)/h)?
2, 3, 29
Let o be 2/(-19) - 12/(228/26579). Let a = -834 - o. What are the prime factors of a?
5, 113
Suppose 4*q - 4*d - 4 = 0, 59 = d + 54. Suppose 4048 - 856 = q*o. What are the prime factors of o?
2, 7, 19
Let y(s) = -14*s - 9. Let f be y(8). Let r = -109 - f. Suppose -10*i = -r*i + 192. What are the prime factors of i?
2, 3
Suppose -a + 3*s + 1893 = -7442, 4*s - 8 = 0. What are the prime factors of a?
9341
Suppose 0 = 45*v - 40*v + 4490. Let f = v - -1614. List the prime factors of f.
2, 179
Suppose -28*i + 5211603 = -36*i + 367*i. List the prime factors of i.
3, 1613
Suppose -151*q - 1382 = -153*q. Suppose -q*m = -694*m + 2643. List the prime factors of m.
881
Let s(t) = 3*t**2 - t - 9. Let u be s(9). Suppose 10 = 5*h, -9*a + 12*a = -4*h - 139. Let f = a + u. What are the prime factors of f?
2, 11
Let a be (-3)/5 + 2*(-14)/(-5). Suppose -4*d = a*u - 2510, 2*d = d - 2*u + 629. What are the prime factors of d?
5
Let h = 30 - 26. Suppose 12 = h*n - 0, -2*n = 2*t - 22. List the prime factors of (-1*12 - -4)*(-30)/t.
2, 3, 5
Let c(w) = 425*w**3 - 5*w**2 - 10*w - 6. Let h be c(-2). Let x(q) = 4*q**3 + q**2 - q. Let t be x(1). What are the prime factors of h/(-39)*6/t?
131
Let p(z) = 4*z + 87. Let u be p(-21). Suppose -3*x + 714 = u*v, -2*v + 0*x + 2*x + 492 = 0. What are the prime factors of v?
2, 11
Let a be ((-1518)/12 - 6)*-132. Suppose 9*x = -6*x + a. List the prime factors of x.
2, 11, 53
Suppose 2*q - 5*j + 10 = -1, 5*j - 8 = q. List the prime factors of (-7 - 7784/(-21)) + (-1)/q.
2, 7, 13
Let c be 2/(-4) - (-5707)/26. Suppose c = 2*k - b, b - 92 = -2*k + 121. What are the prime factors of k?
2, 3
Let f(q) = -2093*q**2 + 14*q + 15. Let v be f(-1). Let s = v + 3399. List the prime factors of s.
1307
Let v(r) = -r**2 - 21*r + 11. Let o = -96 + 130. Suppose -11*y - 175 = o. List the prime factors of v(y).
7
Let x(n) = -4*n + 27. Let z be x(6). Suppose 0 = -4*t + z*p + 3892, 5*t + 0*p - 4862 = 3*p. List the prime factors of t.
2, 5, 97
Let b be -2 - 0 - ((-3 - -5) + 23). Let r = b + 248. Let t = r - 137. What are the prime factors of t?
2, 3, 7
Let r(z) = -z**2. Let b be r(5). Let m = b - -28. Suppose 3*s - 4*s + m = 0. List the prime factors of s.
3
Suppose -2*q = -x - 3, -3*q - 2*q = -2*x - 9. Suppose 16*t = x + 29. Suppose 0 = y + 5, -t*y + 4*y = -u + 118. What are the prime factors of u?
2
Let d be (-1396)/(-10) + 2/5. Let p = -163 - -424. Let w = p - d. What are the prime factors of w?
11
Suppose -21 = -7*b + 21. List the prime factors of (-4)/(36/(-15)) - (-92)/b.
17
Let v = -28 + 19. Let y be 3/v*(-4176)/12. Suppose -3*b - w = 3*w - y, -10 = -2*w. List the prime factors of b.
2
Suppose r - 64 = -2*i - 3*i, 0 = 3*i - 15. List the prime factors of (r/(-26))/(1/(-46)).
3, 23
Suppose -3808 = -2*t - 11*z, 5*t + 40*z = 36*z + 9520. List the prime factors of t.
2, 7, 17
Suppose 48*h = 12*h + 108. Suppose -5*q = -h*q + c - 489, -3*q + 716 = 5*c. What are the prime factors of q?
13, 19
Let c(g) be the second derivative of -g**5/20 + g**2 - 19*g. Let t be c(-2). Let v = 65 + t. List the prime factors of v.
3, 5
Let a(t) = -t**3 - 5*t**2 + 3*t + 17. Let c be a(-5). Suppose -c*o - 3*n = -814, 34*n - 39*n + 20 = 0. List the prime factors of o.
401
Let f(d) = -14*d + 126. Let q be f(8). Suppose 3*u + 3*o = 498, 16*u + o - 336 = q*u. List the prime factors of u.
2, 5, 17
Let a = -40 + 63. Let d = -21 + a. List the prime factors of d/(-11) + (-7)/231*-2283.
3, 23
Let j be (-2 + -22)/(9/(-402)). Suppose 19*c - 3*c = j. What are the prime factors of c?
67
Suppose 0 = -5*n + d + 1690, -1338 = -5*n + n - 2*d. Let g = n - 174. What are the prime factors of g?
163
Let s = 34 + -24. Suppose -9*j + s*j - 266 = 0. Suppose 4*i - j = -2*a, 2*a - 6*a + 550 = 2*i. List the prime factors of a.
139
What are the prime factors of ((-48)/624)/((-6)/2934282)?
37619
List the prime factors of ((-28)/(-6) + -5)/(18/(-351162)).
7, 929
Let t be (-3)/2*(-118 - -40). Suppose t*x + 550 = 119*x. What are the prime factors of x?
5, 11
Suppose -9*t + 18 = -9. Suppose 0 = 2*z - 2, t*z - 148 = -2*x + 319. Suppose 0 = i - x - 14. List the prime factors of i.
2, 3, 41
Suppose 15*y = 98317 - 4162. What are the prime factors of y?
6277
Let n(f) = 10772*f + 604. List the prime factors of n(3).
2, 5, 823
Let g(h) = 29*h**3 + 5*h**2 - 3*h - 4. Let f be g(3). Let r = f + 107. List the prime factors of r.
2, 461
Let t(n) = -n**3 + n**2 - 1. Let v = 19 - 16. Let u(i) = -2*i**3 + 9*i**2 + 8*i + 1. Let x(y) = v*t(y) - u(y). What are the prime factors of x(-5)?
11
Suppose 3*v = 5*f - 1583 + 406, 1185 = 5*f + 5*v. Suppose 0 = o - 50 - f. What are the prime factors of o?
2, 11, 13
Suppose 0 = 9*f - 7*f + j - 147, 84 = f - 3*j. Suppose 2*s + 0*d + 43 = -3*d, 4*s - 5*d = -f. List the prime factors of (18/21)/((s/14)/(-5)).
3
Let z(b) = -b**3 - 21*b**2 + 37*b + 30. Let k(w) = w**3 - 8*w**2 + 6*w + 22. Let j be k(5). What are the prime factors of z(j)?
3, 79
Suppose 1191 = i + 107. Let v = -182 + i. List the prime factors of v.
2, 11, 41
Suppose -5*a - 3973 = -i + 3428, -2*i + 4*a + 14814 = 0. What are the prime factors of i?
7411
Let p be 5 + 11 + -8 - 104. Let l = 190 + p. List the prime factors of l.
2, 47
What are the prime factors of (-4253*8/(-20))/(8/40)?
2, 4253
Let z be (14/(-21))/((-2)/6). Suppose -z*x + 232 = -300. What are the prime factors of x/3 - (-14)/(-21)?
2, 11
Let t(f) = -21*f**2 - 47*f - 83. Let n(c) = 10*c**2 + 23*c + 41. Let d(b) = 13*n(b) + 6*t(b). What are the prim